 is divided by 17635?
3206
What is the remainder when 85606297 is divided by 6?
1
What is the remainder when 15395 is divided by 7116?
1163
What is the remainder when 134251 is divided by 915?
661
Calculate the remainder when 1027134 is divided by 45.
9
What is the remainder when 2238224 is divided by 211?
147
Calculate the remainder when 94487 is divided by 154.
85
What is the remainder when 121825 is divided by 2402?
1725
What is the remainder when 23476941 is divided by 22?
15
Calculate the remainder when 2260716 is divided by 226070.
16
Calculate the remainder when 960487955 is divided by 1626.
1625
What is the remainder when 1656373 is divided by 10550?
23
What is the remainder when 3380357 is divided by 1231?
31
Calculate the remainder when 10032 is divided by 301.
99
What is the remainder when 10073678 is divided by 630?
608
Calculate the remainder when 1604122 is divided by 8061.
8044
Calculate the remainder when 936737 is divided by 553.
508
What is the remainder when 12753 is divided by 1150?
103
What is the remainder when 106636080 is divided by 1493?
48
Calculate the remainder when 3186236 is divided by 2340.
1496
What is the remainder when 5060468 is divided by 5060466?
2
Calculate the remainder when 287564 is divided by 309.
194
Calculate the remainder when 1793480 is divided by 272.
184
Calculate the remainder when 4258083 is divided by 851558.
293
What is the remainder when 756335 is divided by 24?
23
Calculate the remainder when 1737632 is divided by 3148.
3084
What is the remainder when 2005185 is divided by 2278?
545
What is the remainder when 6909 is divided by 665?
259
Calculate the remainder when 6059374 is divided by 2032.
1982
What is the remainder when 6512065 is divided by 1085340?
25
What is the remainder when 3614841 is divided by 1984?
1977
Calculate the remainder when 56896 is divided by 2249.
671
What is the remainder when 27315426 is divided by 933?
918
What is the remainder when 5824350 is divided by 33666?
132
What is the remainder when 5422070 is divided by 1355488?
118
What is the remainder when 519683 is divided by 74?
55
What is the remainder when 15394 is divided by 685?
324
Calculate the remainder when 144785 is divided by 47441.
2462
Calculate the remainder when 2818642 is divided by 164.
138
Calculate the remainder when 1976305 is divided by 45.
40
What is the remainder when 113430 is divided by 2876?
1266
What is the remainder when 27692396 is divided by 710061?
17
Calculate the remainder when 7544 is divided by 2348.
500
Calculate the remainder when 4302701 is divided by 1075670.
21
Calculate the remainder when 394716 is divided by 496.
396
Calculate the remainder when 354376 is divided by 310.
46
What is the remainder when 32166 is divided by 1549?
1186
Calculate the remainder when 1098852 is divided by 41.
11
What is the remainder when 229466 is divided by 1895?
171
Calculate the remainder when 23230359 is divided by 1805.
9
Calculate the remainder when 68840780 is divided by 2647722.
8
What is the remainder when 77062 is divided by 1907?
782
Calculate the remainder when 101922541 is divided by 50961241.
59
Calculate the remainder when 108146 is divided by 224.
178
Calculate the remainder when 275268 is divided by 34386.
180
Calculate the remainder when 860184 is divided by 215015.
124
Calculate the remainder when 6767018 is divided by 338350.
18
Calculate the remainder when 45226 is divided by 745.
526
Calculate the remainder when 813412 is divided by 157.
152
What is the remainder when 30046 is divided by 278?
22
Calculate the remainder when 1220906 is divided by 6259.
401
What is the remainder when 9100355 is divided by 2274776?
1251
Calculate the remainder when 3553387 is divided by 39048.
19
What is the remainder when 367772 is divided by 91937?
24
What is the remainder when 18599338 is divided by 139?
26
Calculate the remainder when 578530 is divided by 2258.
482
What is the remainder when 79416 is divided by 79345?
71
What is the remainder when 3133567 is divided by 52?
47
What is the remainder when 14612597 is divided by 3?
2
What is the remainder when 472035 is divided by 235961?
113
What is the remainder when 3121215 is divided by 780031?
1091
What is the remainder when 3711343 is divided by 1919?
1916
What is the remainder when 4985608 is divided by 26240?
8
Calculate the remainder when 2704806 is divided by 1769.
5
Calculate the remainder when 3147152 is divided by 1049048.
8
What is the remainder when 2981326 is divided by 10763?
10738
Calculate the remainder when 589045 is divided by 1575.
1570
What is the remainder when 8605382 is divided by 4736?
70
What is the remainder when 144682917 is divided by 85?
82
Calculate the remainder when 116582 is divided by 1212.
230
What is the remainder when 239567 is divided by 11969?
187
Calculate the remainder when 4926049 is divided by 776.
1
Calculate the remainder when 6854824 is divided by 489629.
18
Calculate the remainder when 277733 is divided by 2980.
593
Calculate the remainder when 4740546 is divided by 8173.
206
What is the remainder when 261460093 is divided by 65?
63
Calculate the remainder when 21164533 is divided by 589.
585
Calculate the remainder when 242360 is divided by 241442.
918
Calculate the remainder when 114367 is divided by 822.
109
Calculate the remainder when 122432 is divided by 40805.
17
What is the remainder when 3498197 is divided by 1138?
1123
What is the remainder when 34540 is divided by 270?
250
Calculate the remainder when 37006951 is divided by 18266.
35
What is the remainder when 50830197 is divided by 907682?
5
Calculate the remainder when 164884510 is divided by 203.
196
What is the remainder when 1004342 is divided by 730?
592
Calculate the remainder when 117041416 is divided by 38.
10
What is the remainder when 262881746 is divided by 2050?
2046
What is the remainder when 9655531 is divided by 1060?
1051
What is the remainder when 203455 is divided by 67811?
22
What is the remainder when 22016 is divided by 775?
316
Calculate the remainder when 166404 is divided by 146.
110
What is the remainder when 3248182 is divided by 42?
28
What is the remainder when 275046 is divided by 6877?
6843
Calculate the remainder when 12703719 is divided by 3.
0
What is the remainder when 8425 is divided by 282?
247
What is the remainder when 1012258 is divided by 14059?
10
Calculate the remainder when 1119599 is divided by 548.
35
What is the remainder when 124927744 is divided by 5962?
5958
Calculate the remainder when 107946 is divided by 107637.
309
What is the remainder when 21509371 is divided by 310?
21
Calculate the remainder when 162958 is divided by 8.
6
What is the remainder when 289192 is divided by 1879?
1705
Calculate the remainder when 617670 is divided by 366.
228
What is the remainder when 20196638 is divided by 78893?
30
What is the remainder when 1069433 is divided by 267244?
457
Calculate the remainder when 582239 is divided by 328.
39
Calculate the remainder when 15056790 is divided by 359.
330
Calculate the remainder when 76473316 is divided by 616.
612
What is the remainder when 82186 is divided by 1037?
263
What is the remainder when 3386129 is divided by 153914?
21
What is the remainder when 2352950 is divided by 4332?
674
What is the remainder when 206302 is divided by 156?
70
What is the remainder when 53027238 is divided by 1828525?
13
What is the remainder when 283841 is divided by 3483?
1718
What is the remainder when 87472 is divided by 2030?
182
Calculate the remainder when 481988 is divided by 11206.
130
What is the remainder when 142416 is divided by 66?
54
What is the remainder when 1042411 is divided by 2658?
475
Calculate the remainder when 9822983 is divided by 62.
13
What is the remainder when 6012495 is divided by 8?
7
What is the remainder when 4037971 is divided by 98487?
4
What is the remainder when 209525 is divided by 6162?
17
What is the remainder when 1214964 is divided by 898?
868
Calculate the remainder when 17548 is divided by 1893.
511
Calculate the remainder when 561421 is divided by 561415.
6
What is the remainder when 5381283870 is divided by 92?
90
Calculate the remainder when 76142808 is divided by 1390.
1388
Calculate the remainder when 626638 is divided by 12531